{"id":523,"date":"2021-02-10T00:26:27","date_gmt":"2021-02-10T00:26:27","guid":{"rendered":"https:\/\/coinge.es\/formacion\/?post_type=product&#038;p=523"},"modified":"2025-09-05T19:10:42","modified_gmt":"2025-09-05T19:10:42","slug":"curso-de-dimensionamiento-y-calculo-de-parques-fotovoltaicos","status":"publish","type":"product","link":"https:\/\/coinge.es\/formacion\/producto\/curso-de-dimensionamiento-y-calculo-de-parques-fotovoltaicos\/","title":{"rendered":"Especialista en Dimensionamiento de Parques Fotovoltaicos"},"content":{"rendered":"<p>\u00a1Bienvenido al curso online de Dimensionamiento y C\u00e1lculo de Parques Fotovoltaicos! Este curso est\u00e1 dise\u00f1ado para introducirte en el mundo del c\u00e1lculo y dimensionamiento de plantas fotovoltaicas. El aprovechamiento de la energ\u00eda solar es una de las facetas que mas se buscan hoy en d\u00eda en el mundo de las energ\u00edas renovables. No se requieren conocimientos previos; solo necesitas un ordenador y acceso a internet.<\/p>\n<p><strong>\u00bfQu\u00e9 es el Dimensionamiento y C\u00e1lculo de Parques Fotovoltaicos?<\/strong><\/p>\n<p>El <strong>dimensionamiento y c\u00e1lculo de parques fotovoltaicos<\/strong> es el proceso t\u00e9cnico y metodol\u00f3gico que permite dise\u00f1ar y optimizar instalaciones solares fotovoltaicas destinadas a generar energ\u00eda el\u00e9ctrica a gran escala. Este proceso involucra una serie de pasos para determinar los componentes necesarios, sus especificaciones y la viabilidad t\u00e9cnica y econ\u00f3mica del proyecto. Los parques fotovoltaicos est\u00e1n dise\u00f1ados para suministrar energ\u00eda limpia y renovable a redes el\u00e9ctricas o usuarios espec\u00edficos.<\/p>\n","protected":false},"excerpt":{"rendered":"<p>\u00a1Bienvenido al curso online de Dimensionamiento y C\u00e1lculo de Parques Fotovoltaicos! Este curso est\u00e1 dise\u00f1ado para introducirte en el mundo [&hellip;]<\/p>\n","protected":false},"featured_media":190,"template":"","meta":{"site-sidebar-layout":"default","site-content-layout":"","ast-site-content-layout":"default","site-content-style":"default","site-sidebar-style":"default","ast-global-header-display":"","ast-banner-title-visibility":"","ast-main-header-display":"","ast-hfb-above-header-display":"","ast-hfb-below-header-display":"","ast-hfb-mobile-header-display":"","site-post-title":"","ast-breadcrumbs-content":"","ast-featured-img":"","footer-sml-layout":"","theme-transparent-header-meta":"default","adv-header-id-meta":"","stick-header-meta":"","header-above-stick-meta":"","header-main-stick-meta":"","header-below-stick-meta":"","astra-migrate-meta-layouts":"set","ast-page-background-enabled":"default","ast-page-background-meta":{"desktop":{"background-color":"var(--ast-global-color-4)","background-image":"","background-repeat":"repeat","background-position":"center center","background-size":"auto","background-attachment":"scroll","background-type":"","background-media":"","overlay-type":"","overlay-color":"","overlay-opacity":"","overlay-gradient":""},"tablet":{"background-color":"","background-image":"","background-repeat":"repeat","background-position":"center center","background-size":"auto","background-attachment":"scroll","background-type":"","background-media":"","overlay-type":"","overlay-color":"","overlay-opacity":"","overlay-gradient":""},"mobile":{"background-color":"","background-image":"","background-repeat":"repeat","background-position":"center center","background-size":"auto","background-attachment":"scroll","background-type":"","background-media":"","overlay-type":"","overlay-color":"","overlay-opacity":"","overlay-gradient":""}},"ast-content-background-meta":{"desktop":{"background-color":"var(--ast-global-color-5)","background-image":"","background-repeat":"repeat","background-position":"center center","background-size":"auto","background-attachment":"scroll","background-type":"","background-media":"","overlay-type":"","overlay-color":"","overlay-opacity":"","overlay-gradient":""},"tablet":{"background-color":"var(--ast-global-color-5)","background-image":"","background-repeat":"repeat","background-position":"center center","background-size":"auto","background-attachment":"scroll","background-type":"","background-media":"","overlay-type":"","overlay-color":"","overlay-opacity":"","overlay-gradient":""},"mobile":{"background-color":"var(--ast-global-color-5)","background-image":"","background-repeat":"repeat","background-position":"center center","background-size":"auto","background-attachment":"scroll","background-type":"","background-media":"","overlay-type":"","overlay-color":"","overlay-opacity":"","overlay-gradient":""}}},"product_brand":[],"product_cat":[23],"product_tag":[],"class_list":{"0":"post-523","1":"product","2":"type-product","3":"status-publish","4":"has-post-thumbnail","6":"product_cat-energias-renovables","7":"desktop-align-left","8":"tablet-align-left","9":"mobile-align-left","11":"first","12":"instock","13":"sale","14":"virtual","15":"purchasable","16":"product-type-simple"},"acf":[],"yoast_head":"<!-- This site is optimized with the Yoast SEO plugin v26.1.1 - https:\/\/yoast.com\/wordpress\/plugins\/seo\/ -->\n<title>\u2705Especialista en Dimensionamiento de Parques Fotovoltaicos | COINGE Formaci\u00f3n\ud83e\udd47<\/title>\n<meta name=\"description\" content=\"\u2b50\u2b50\u2b50\u2b50\u2b50 Formaci\u00f3n para arquitectos, ingenieros, dise\u00f1adores, etc. Curso online de AutoCAD, Sketchup. Formaci\u00f3n personalizada y de calidad. \ud83e\udd47\" \/>\n<meta name=\"robots\" content=\"index, follow, max-snippet:-1, max-image-preview:large, max-video-preview:-1\" \/>\n<link rel=\"canonical\" href=\"https:\/\/coinge.es\/formacion\/producto\/curso-de-dimensionamiento-y-calculo-de-parques-fotovoltaicos\/\" \/>\n<meta property=\"og:locale\" content=\"es_ES\" \/>\n<meta property=\"og:type\" content=\"article\" \/>\n<meta property=\"og:title\" content=\"\u2705Especialista en Dimensionamiento de Parques Fotovoltaicos | COINGE Formaci\u00f3n\ud83e\udd47\" \/>\n<meta property=\"og:description\" content=\"\u2b50\u2b50\u2b50\u2b50\u2b50 Formaci\u00f3n para arquitectos, ingenieros, dise\u00f1adores, etc. Curso online de AutoCAD, Sketchup. Formaci\u00f3n personalizada y de calidad. \ud83e\udd47\" \/>\n<meta property=\"og:url\" content=\"https:\/\/coinge.es\/formacion\/producto\/curso-de-dimensionamiento-y-calculo-de-parques-fotovoltaicos\/\" \/>\n<meta property=\"og:site_name\" content=\"COINGE Formacion\" \/>\n<meta property=\"article:publisher\" content=\"https:\/\/www.facebook.com\/Coingeingenieriayconsultoria\" \/>\n<meta property=\"article:modified_time\" content=\"2025-09-05T19:10:42+00:00\" \/>\n<meta property=\"og:image\" content=\"http:\/\/coinge.es\/formacion\/wp-content\/uploads\/2021\/01\/pexels-gustavo-fring-4254158.jpg\" \/>\n\t<meta property=\"og:image:width\" content=\"1280\" \/>\n\t<meta property=\"og:image:height\" content=\"853\" \/>\n\t<meta property=\"og:image:type\" content=\"image\/jpeg\" \/>\n<meta name=\"twitter:card\" content=\"summary_large_image\" \/>\n<meta name=\"twitter:site\" content=\"@CoingeC\" \/>\n<meta name=\"twitter:label1\" content=\"Tiempo de lectura\" \/>\n\t<meta name=\"twitter:data1\" content=\"1 minuto\" \/>\n<script type=\"application\/ld+json\" class=\"yoast-schema-graph\">{\"@context\":\"https:\/\/schema.org\",\"@graph\":[{\"@type\":\"WebPage\",\"@id\":\"https:\/\/coinge.es\/formacion\/producto\/curso-de-dimensionamiento-y-calculo-de-parques-fotovoltaicos\/\",\"url\":\"https:\/\/coinge.es\/formacion\/producto\/curso-de-dimensionamiento-y-calculo-de-parques-fotovoltaicos\/\",\"name\":\"\u2705Especialista en Dimensionamiento de Parques Fotovoltaicos | COINGE Formaci\u00f3n\ud83e\udd47\",\"isPartOf\":{\"@id\":\"https:\/\/coinge.es\/formacion\/#website\"},\"primaryImageOfPage\":{\"@id\":\"https:\/\/coinge.es\/formacion\/producto\/curso-de-dimensionamiento-y-calculo-de-parques-fotovoltaicos\/#primaryimage\"},\"image\":{\"@id\":\"https:\/\/coinge.es\/formacion\/producto\/curso-de-dimensionamiento-y-calculo-de-parques-fotovoltaicos\/#primaryimage\"},\"thumbnailUrl\":\"https:\/\/coinge.es\/formacion\/wp-content\/uploads\/2021\/01\/pexels-gustavo-fring-4254158.jpg\",\"datePublished\":\"2021-02-10T00:26:27+00:00\",\"dateModified\":\"2025-09-05T19:10:42+00:00\",\"description\":\"\u2b50\u2b50\u2b50\u2b50\u2b50 Formaci\u00f3n para arquitectos, ingenieros, dise\u00f1adores, etc. Curso online de AutoCAD, Sketchup. Formaci\u00f3n personalizada y de calidad. \ud83e\udd47\",\"breadcrumb\":{\"@id\":\"https:\/\/coinge.es\/formacion\/producto\/curso-de-dimensionamiento-y-calculo-de-parques-fotovoltaicos\/#breadcrumb\"},\"inLanguage\":\"es\",\"potentialAction\":[{\"@type\":\"ReadAction\",\"target\":[\"https:\/\/coinge.es\/formacion\/producto\/curso-de-dimensionamiento-y-calculo-de-parques-fotovoltaicos\/\"]}]},{\"@type\":\"ImageObject\",\"inLanguage\":\"es\",\"@id\":\"https:\/\/coinge.es\/formacion\/producto\/curso-de-dimensionamiento-y-calculo-de-parques-fotovoltaicos\/#primaryimage\",\"url\":\"https:\/\/coinge.es\/formacion\/wp-content\/uploads\/2021\/01\/pexels-gustavo-fring-4254158.jpg\",\"contentUrl\":\"https:\/\/coinge.es\/formacion\/wp-content\/uploads\/2021\/01\/pexels-gustavo-fring-4254158.jpg\",\"width\":1280,\"height\":853,\"caption\":\"Curso de Dimensionamiento y C\u00e1lculo de Parques Fotovoltaicos\"},{\"@type\":\"BreadcrumbList\",\"@id\":\"https:\/\/coinge.es\/formacion\/producto\/curso-de-dimensionamiento-y-calculo-de-parques-fotovoltaicos\/#breadcrumb\",\"itemListElement\":[{\"@type\":\"ListItem\",\"position\":1,\"name\":\"Portada\",\"item\":\"https:\/\/coinge.es\/formacion\/\"},{\"@type\":\"ListItem\",\"position\":2,\"name\":\"Cursos\",\"item\":\"https:\/\/coinge.es\/formacion\/cursos\/\"},{\"@type\":\"ListItem\",\"position\":3,\"name\":\"Especialista en Dimensionamiento de Parques Fotovoltaicos\"}]},{\"@type\":\"WebSite\",\"@id\":\"https:\/\/coinge.es\/formacion\/#website\",\"url\":\"https:\/\/coinge.es\/formacion\/\",\"name\":\"COINGE Formacion\",\"description\":\"Formaci\u00f3n para Ingenieros y Arquitectos\",\"publisher\":{\"@id\":\"https:\/\/coinge.es\/formacion\/#organization\"},\"potentialAction\":[{\"@type\":\"SearchAction\",\"target\":{\"@type\":\"EntryPoint\",\"urlTemplate\":\"https:\/\/coinge.es\/formacion\/?s={search_term_string}\"},\"query-input\":{\"@type\":\"PropertyValueSpecification\",\"valueRequired\":true,\"valueName\":\"search_term_string\"}}],\"inLanguage\":\"es\"},{\"@type\":\"Organization\",\"@id\":\"https:\/\/coinge.es\/formacion\/#organization\",\"name\":\"COINGE FORMACION | Ingenier\u00eda y Consultor\u00eda\",\"url\":\"https:\/\/coinge.es\/formacion\/\",\"logo\":{\"@type\":\"ImageObject\",\"inLanguage\":\"es\",\"@id\":\"https:\/\/coinge.es\/formacion\/#\/schema\/logo\/image\/\",\"url\":\"https:\/\/coinge.es\/formacion\/wp-content\/uploads\/2021\/03\/COINGE-V_Formacion.jpg\",\"contentUrl\":\"https:\/\/coinge.es\/formacion\/wp-content\/uploads\/2021\/03\/COINGE-V_Formacion.jpg\",\"width\":1140,\"height\":879,\"caption\":\"COINGE FORMACION | Ingenier\u00eda y Consultor\u00eda\"},\"image\":{\"@id\":\"https:\/\/coinge.es\/formacion\/#\/schema\/logo\/image\/\"},\"sameAs\":[\"https:\/\/www.facebook.com\/Coingeingenieriayconsultoria\",\"https:\/\/x.com\/CoingeC\",\"https:\/\/www.instagram.com\/coinge_ingenieriayconsultoria\/\"]}]}<\/script>\n<!-- \/ Yoast SEO plugin. -->","yoast_head_json":{"title":"\u2705Especialista en Dimensionamiento de Parques Fotovoltaicos | COINGE Formaci\u00f3n\ud83e\udd47","description":"\u2b50\u2b50\u2b50\u2b50\u2b50 Formaci\u00f3n para arquitectos, ingenieros, dise\u00f1adores, etc. Curso online de AutoCAD, Sketchup. Formaci\u00f3n personalizada y de calidad. \ud83e\udd47","robots":{"index":"index","follow":"follow","max-snippet":"max-snippet:-1","max-image-preview":"max-image-preview:large","max-video-preview":"max-video-preview:-1"},"canonical":"https:\/\/coinge.es\/formacion\/producto\/curso-de-dimensionamiento-y-calculo-de-parques-fotovoltaicos\/","og_locale":"es_ES","og_type":"article","og_title":"\u2705Especialista en Dimensionamiento de Parques Fotovoltaicos | COINGE Formaci\u00f3n\ud83e\udd47","og_description":"\u2b50\u2b50\u2b50\u2b50\u2b50 Formaci\u00f3n para arquitectos, ingenieros, dise\u00f1adores, etc. Curso online de AutoCAD, Sketchup. Formaci\u00f3n personalizada y de calidad. \ud83e\udd47","og_url":"https:\/\/coinge.es\/formacion\/producto\/curso-de-dimensionamiento-y-calculo-de-parques-fotovoltaicos\/","og_site_name":"COINGE Formacion","article_publisher":"https:\/\/www.facebook.com\/Coingeingenieriayconsultoria","article_modified_time":"2025-09-05T19:10:42+00:00","og_image":[{"width":1280,"height":853,"url":"http:\/\/coinge.es\/formacion\/wp-content\/uploads\/2021\/01\/pexels-gustavo-fring-4254158.jpg","type":"image\/jpeg"}],"twitter_card":"summary_large_image","twitter_site":"@CoingeC","twitter_misc":{"Tiempo de lectura":"1 minuto"},"schema":{"@context":"https:\/\/schema.org","@graph":[{"@type":"WebPage","@id":"https:\/\/coinge.es\/formacion\/producto\/curso-de-dimensionamiento-y-calculo-de-parques-fotovoltaicos\/","url":"https:\/\/coinge.es\/formacion\/producto\/curso-de-dimensionamiento-y-calculo-de-parques-fotovoltaicos\/","name":"\u2705Especialista en Dimensionamiento de Parques Fotovoltaicos | COINGE Formaci\u00f3n\ud83e\udd47","isPartOf":{"@id":"https:\/\/coinge.es\/formacion\/#website"},"primaryImageOfPage":{"@id":"https:\/\/coinge.es\/formacion\/producto\/curso-de-dimensionamiento-y-calculo-de-parques-fotovoltaicos\/#primaryimage"},"image":{"@id":"https:\/\/coinge.es\/formacion\/producto\/curso-de-dimensionamiento-y-calculo-de-parques-fotovoltaicos\/#primaryimage"},"thumbnailUrl":"https:\/\/coinge.es\/formacion\/wp-content\/uploads\/2021\/01\/pexels-gustavo-fring-4254158.jpg","datePublished":"2021-02-10T00:26:27+00:00","dateModified":"2025-09-05T19:10:42+00:00","description":"\u2b50\u2b50\u2b50\u2b50\u2b50 Formaci\u00f3n para arquitectos, ingenieros, dise\u00f1adores, etc. Curso online de AutoCAD, Sketchup. Formaci\u00f3n personalizada y de calidad. \ud83e\udd47","breadcrumb":{"@id":"https:\/\/coinge.es\/formacion\/producto\/curso-de-dimensionamiento-y-calculo-de-parques-fotovoltaicos\/#breadcrumb"},"inLanguage":"es","potentialAction":[{"@type":"ReadAction","target":["https:\/\/coinge.es\/formacion\/producto\/curso-de-dimensionamiento-y-calculo-de-parques-fotovoltaicos\/"]}]},{"@type":"ImageObject","inLanguage":"es","@id":"https:\/\/coinge.es\/formacion\/producto\/curso-de-dimensionamiento-y-calculo-de-parques-fotovoltaicos\/#primaryimage","url":"https:\/\/coinge.es\/formacion\/wp-content\/uploads\/2021\/01\/pexels-gustavo-fring-4254158.jpg","contentUrl":"https:\/\/coinge.es\/formacion\/wp-content\/uploads\/2021\/01\/pexels-gustavo-fring-4254158.jpg","width":1280,"height":853,"caption":"Curso de Dimensionamiento y C\u00e1lculo de Parques Fotovoltaicos"},{"@type":"BreadcrumbList","@id":"https:\/\/coinge.es\/formacion\/producto\/curso-de-dimensionamiento-y-calculo-de-parques-fotovoltaicos\/#breadcrumb","itemListElement":[{"@type":"ListItem","position":1,"name":"Portada","item":"https:\/\/coinge.es\/formacion\/"},{"@type":"ListItem","position":2,"name":"Cursos","item":"https:\/\/coinge.es\/formacion\/cursos\/"},{"@type":"ListItem","position":3,"name":"Especialista en Dimensionamiento de Parques Fotovoltaicos"}]},{"@type":"WebSite","@id":"https:\/\/coinge.es\/formacion\/#website","url":"https:\/\/coinge.es\/formacion\/","name":"COINGE Formacion","description":"Formaci\u00f3n para Ingenieros y Arquitectos","publisher":{"@id":"https:\/\/coinge.es\/formacion\/#organization"},"potentialAction":[{"@type":"SearchAction","target":{"@type":"EntryPoint","urlTemplate":"https:\/\/coinge.es\/formacion\/?s={search_term_string}"},"query-input":{"@type":"PropertyValueSpecification","valueRequired":true,"valueName":"search_term_string"}}],"inLanguage":"es"},{"@type":"Organization","@id":"https:\/\/coinge.es\/formacion\/#organization","name":"COINGE FORMACION | Ingenier\u00eda y Consultor\u00eda","url":"https:\/\/coinge.es\/formacion\/","logo":{"@type":"ImageObject","inLanguage":"es","@id":"https:\/\/coinge.es\/formacion\/#\/schema\/logo\/image\/","url":"https:\/\/coinge.es\/formacion\/wp-content\/uploads\/2021\/03\/COINGE-V_Formacion.jpg","contentUrl":"https:\/\/coinge.es\/formacion\/wp-content\/uploads\/2021\/03\/COINGE-V_Formacion.jpg","width":1140,"height":879,"caption":"COINGE FORMACION | Ingenier\u00eda y Consultor\u00eda"},"image":{"@id":"https:\/\/coinge.es\/formacion\/#\/schema\/logo\/image\/"},"sameAs":["https:\/\/www.facebook.com\/Coingeingenieriayconsultoria","https:\/\/x.com\/CoingeC","https:\/\/www.instagram.com\/coinge_ingenieriayconsultoria\/"]}]}},"_links":{"self":[{"href":"https:\/\/coinge.es\/formacion\/wp-json\/wp\/v2\/product\/523","targetHints":{"allow":["GET"]}}],"collection":[{"href":"https:\/\/coinge.es\/formacion\/wp-json\/wp\/v2\/product"}],"about":[{"href":"https:\/\/coinge.es\/formacion\/wp-json\/wp\/v2\/types\/product"}],"version-history":[{"count":2,"href":"https:\/\/coinge.es\/formacion\/wp-json\/wp\/v2\/product\/523\/revisions"}],"predecessor-version":[{"id":2310,"href":"https:\/\/coinge.es\/formacion\/wp-json\/wp\/v2\/product\/523\/revisions\/2310"}],"wp:featuredmedia":[{"embeddable":true,"href":"https:\/\/coinge.es\/formacion\/wp-json\/wp\/v2\/media\/190"}],"wp:attachment":[{"href":"https:\/\/coinge.es\/formacion\/wp-json\/wp\/v2\/media?parent=523"}],"wp:term":[{"taxonomy":"product_brand","embeddable":true,"href":"https:\/\/coinge.es\/formacion\/wp-json\/wp\/v2\/product_brand?post=523"},{"taxonomy":"product_cat","embeddable":true,"href":"https:\/\/coinge.es\/formacion\/wp-json\/wp\/v2\/product_cat?post=523"},{"taxonomy":"product_tag","embeddable":true,"href":"https:\/\/coinge.es\/formacion\/wp-json\/wp\/v2\/product_tag?post=523"}],"curies":[{"name":"wp","href":"https:\/\/api.w.org\/{rel}","templated":true}]}}